{"id":1705,"date":"2020-12-10T16:51:26","date_gmt":"2020-12-10T15:51:26","guid":{"rendered":"https:\/\/www.grundei.de\/?page_id=1705"},"modified":"2021-12-13T18:34:05","modified_gmt":"2021-12-13T17:34:05","slug":"weihnachten","status":"publish","type":"page","link":"https:\/\/www.grundei.de\/zh_CN\/weihnachten\/","title":{"rendered":"Weihnachten"},"content":{"rendered":"\n<figure class=\"wp-block-image size-large\"><img decoding=\"async\" src=\"https:\/\/i0.wp.com\/grundei.de\/W2020\/Riementisch_Weihnachten.jpg?w=474&#038;ssl=1\" alt=\"\" data-recalc-dims=\"1\"\/><\/figure>\n\n\n\n<p>Den f\u00fcr Pr\u00e4sente vorgesehenen Betrag spenden wir dieses Jahr an Strahlem\u00e4nnchen und helfende H\u00e4nde Oberberg.<\/p>\n\n\n\n<figure class=\"wp-block-image size-large\"><a href=\"https:\/\/www.helfende-haende-oberberg.de\/\"><img decoding=\"async\" src=\"https:\/\/i0.wp.com\/grundei.de\/W2020\/helfende-haende-oberberg.jpg?w=474&#038;ssl=1\" alt=\"\" data-recalc-dims=\"1\"\/><\/a><\/figure>\n\n\n\n<figure class=\"wp-block-image size-large\"><a href=\"https:\/\/www.strahlemaennchen.de\/\"><img decoding=\"async\" src=\"https:\/\/i0.wp.com\/grundei.de\/W2020\/Maennchen-mit-neuem_Schriftzug.jpg?w=474&#038;ssl=1\" alt=\"\" data-recalc-dims=\"1\"\/><\/a><\/figure>\n\n\n\n<p><strong>mit freundlichen Gr\u00fcssen \/ best regards<br \/><br \/>Familie Grundei und Belegschaft<\/strong><\/p>\n","protected":false},"excerpt":{"rendered":"<p><!-- wp:image {\"sizeSlug\":\"large\"} --><\/p>\n<figure class=\"wp-block-image size-large\"><img decoding=\"async\" src=\"https:\/\/grundei.de\/W2020\/Riementisch_Weihnachten.jpg\" alt=\"\"\/><\/figure>\n<p><!-- \/wp:image --><\/p>\n<p><!-- wp:paragraph --><\/p>\n<p>Den f\u00fcr Pr\u00e4sente vorgesehenen Betrag spend&#8230;<\/p>\n","protected":false},"author":1,"featured_media":0,"parent":0,"menu_order":0,"comment_status":"closed","ping_status":"closed","template":"","meta":{"ngg_post_thumbnail":0,"jetpack_post_was_ever_published":false,"footnotes":""},"jetpack_sharing_enabled":true,"jetpack_shortlink":"https:\/\/wp.me\/P6Gw03-rv","_links":{"self":[{"href":"https:\/\/www.grundei.de\/zh_CN\/wp-json\/wp\/v2\/pages\/1705"}],"collection":[{"href":"https:\/\/www.grundei.de\/zh_CN\/wp-json\/wp\/v2\/pages"}],"about":[{"href":"https:\/\/www.grundei.de\/zh_CN\/wp-json\/wp\/v2\/types\/page"}],"author":[{"embeddable":true,"href":"https:\/\/www.grundei.de\/zh_CN\/wp-json\/wp\/v2\/users\/1"}],"replies":[{"embeddable":true,"href":"https:\/\/www.grundei.de\/zh_CN\/wp-json\/wp\/v2\/comments?post=1705"}],"version-history":[{"count":7,"href":"https:\/\/www.grundei.de\/zh_CN\/wp-json\/wp\/v2\/pages\/1705\/revisions"}],"predecessor-version":[{"id":1855,"href":"https:\/\/www.grundei.de\/zh_CN\/wp-json\/wp\/v2\/pages\/1705\/revisions\/1855"}],"wp:attachment":[{"href":"https:\/\/www.grundei.de\/zh_CN\/wp-json\/wp\/v2\/media?parent=1705"}],"curies":[{"name":"wp","href":"https:\/\/api.w.org\/{rel}","templated":true}]}}

<figure class="wp-block-image size-large"><img decoding="async" src="https://i0.wp.com/grundei.de/W2020/Riementisch_Weihnachten.jpg?w=474&#038;ssl=1" alt="" data-recalc-dims="1"/></figure>



<p>Den für Präsente vorgesehenen Betrag spenden wir dieses Jahr an Strahlemännchen und helfende Hände Oberberg.</p>



<figure class="wp-block-image size-large"><a href="https://www.helfende-haende-oberberg.de/"><img decoding="async" src="https://i0.wp.com/grundei.de/W2020/helfende-haende-oberberg.jpg?w=474&#038;ssl=1" alt="" data-recalc-dims="1"/></a></figure>



<figure class="wp-block-image size-large"><a href="https://www.strahlemaennchen.de/"><img decoding="async" src="https://i0.wp.com/grundei.de/W2020/Maennchen-mit-neuem_Schriftzug.jpg?w=474&#038;ssl=1" alt="" data-recalc-dims="1"/></a></figure>



<p><strong>mit freundlichen Grüssen / best regards<br /><br />Familie Grundei und Belegschaft</strong></p>

<p><!-- wp:image {"sizeSlug":"large"} --></p>
<figure class="wp-block-image size-large"><img decoding="async" src="https://grundei.de/W2020/Riementisch_Weihnachten.jpg" alt=""/></figure>
<p><!-- /wp:image --></p>
<p><!-- wp:paragraph --></p>
<p>Den für Präsente vorgesehenen Betrag spend&#8230;</p>
